{"id":43,"date":"2016-05-21T21:04:38","date_gmt":"2016-05-21T21:04:38","guid":{"rendered":"http:\/\/living-rhythm.de\/?page_id=43"},"modified":"2023-01-08T13:50:16","modified_gmt":"2023-01-08T13:50:16","slug":"welcome","status":"publish","type":"page","link":"http:\/\/living-rhythm.de\/?page_id=43","title":{"rendered":"Welcome"},"content":{"rendered":"<p>Herzlich Willkommen bei Living Rhythm, meinem lebendigen Trommelprojekt!<\/p>\n<p>Trommeln ist schon seit Hunderten von Jahren ein Weg der Kommunikation.<br \/>\nTrommeln ist \u00dcberbringer von Nachrichten oder auch einfach nur ein Instrument der Naturv\u00f6lker um ihrer Lebensfreude einen Ausdruck zu verleihen!<br \/>\nSeit meinem 3. Lebensjahr faszinieren mich die Trommeln. \u00dcber mein erstes Schlagzeug entwickelte ich schnell eine Vorliebe f\u00fcr alle Percussion-Instrumente. Zusammen mit Freunden machte ich die ersten Erfahrungen im Zusammenspiel mit den verschiedensten Trommeln aus aller Welt, z.B. Nyahbinghi Chants Riddims aus Jamaika. Ab den 90ger Jahren entstanden die ersten Kontakte zu Roots Reggae Bands, wonach ich stetig mein Equipement erweiterte. Meine Reise 1993 nach Afrika, Bamako Mali, hat mich und meinen Musikstil gravierend ver\u00e4ndert, da ich bemerkte welche Bedeutung das Trommeln f\u00fcr die afrikanische Bev\u00f6lkerung hat:<\/p>\n<p>Lebensmut \u2013 Ausdrucksst\u00e4rke \u2013 Positives Lebensgef\u00fchl<\/p>\n<p>Seitdem verlor ich mein Ziel nie aus den Augen, das Trommeln auch in Europa bekannter zu machen. Als ich 1995 auf den Afrikaner Tao Maurice, Senegal, traf, tourte ich etwa 18 Monate mit ihm durch ganz Deutschland und lernte dadurch einige Trommelgruppen kennen. Von diesen unz\u00e4hligen Einfl\u00fcssen gepr\u00e4gt, fand ich meinen individuellen Trommelstil. Ende 1996 gr\u00fcndete ich mit meinem afrikanischen Freund Foo Kwame meine erste Trommelband &#8218;The drums of revolution&#8216;. Als die Mitglieder der Gruppe wechselten, entstand meine Band ROOTS GAIA. Um die Jahrtausendwende bereiste Roots Gaia Spanien, um dort erfolgreich Stra\u00dfenmusik zu machen. Im Februar 2002 wurde die erste CD von Roots Gaia &#8218;Soronko&#8216; im Sunvibe Studio (Alton \u2013 Flabba \u2013 Simpson) in Iserlohn produziert. 2009 folgte dann, im eigenen Studio produziert und im Sunvibe Studio abgemischt, die zweite CD &#8218;New Born&#8216;. Ab 2002 steckte ich meine Kraft und Energie nur noch in eigene Projekte. Seit Ende 1996 begann ich zeitgleich mein Wissen und mein K \u00f6nnen in Workshops, Seminaren und privatem Unterricht weiter zu geben.<br \/>\nMeine Arbeit mit so vielen verschiedenen Menschen hat mir gezeigt wie wichtig es ist, vor allem Kinder auf spielerischem Weg Erfahrung mit Rhythmus machen zu lassen. Harmonielehre wird in den Schulen ganz gro\u00df geschrieben, die Rhythmik hingegen mehr oder weniger in den Hintergrund gestellt und dabei bestimmt Rhythmus unser ganzes Leben.<\/p>\n<p>Herzschlag &#8211; Atmung &#8211; Sprechen &#8211; unser Tagesablauf<\/p>\n<p>Alles was wir machen hat mit Rhythmik zu tun. Rhythmus ist demnach allgegenw\u00e4rtig, man nimmt ihn in unserer hektischen Zeit nur nicht mehr richtig wahr. Um so wichtiger ist es f\u00fcr Kinder, dass Rhythmus wieder sp\u00fcrbar wird und das sie in den lebendigen Rhythmus einer Gruppe eingebunden werden. Kinder sind noch unbefangen und aufnahmef\u00e4hig. Viele kommen durch das Trommeln zur Ruhe und selbst bei hyperaktiven und lernbehinderten Kindern konnte ich Konzentration und Beruhigung feststellen. Ziel meiner Arbeit ist es, in erster Hinsicht den Kindern und Erwachsenen Spa\u00df am Trommeln auf der afrikanischen Djemb\u00e9 zu vermitteln, ihre Konzentration und Koordination zu f\u00f6rdern und ihnen ein gutes Rhythmusgef\u00fchl mitzugeben.<\/p>\n<p><a href=\"http:\/\/living-rhythm.de\/?attachment_id=228\" rel=\"attachment wp-att-228\"><img decoding=\"async\" loading=\"lazy\" class=\"alignnone size-medium wp-image-228\" src=\"http:\/\/living-rhythm.de\/wp-content\/uploads\/2016\/05\/i1684-180x300.jpg\" alt=\"i1684\" width=\"180\" height=\"300\" srcset=\"http:\/\/living-rhythm.de\/wp-content\/uploads\/2016\/05\/i1684-180x300.jpg 180w, http:\/\/living-rhythm.de\/wp-content\/uploads\/2016\/05\/i1684.jpg 421w\" sizes=\"(max-width: 180px) 100vw, 180px\" \/><\/a><\/p>\n<p>Ulf He\u00dfe&#8217;s Rhythmusschule<\/p>\n<p>Living Rhythm bietet an:<\/p>\n<ul>\n<li>Afrikanisches Trommeln auf Djemb\u00e9 und Basstrommel (Dununba, Sangban und Kenkeni) f\u00fcr Anf\u00e4nger und Fortgeschrittene.<\/li>\n<li>Wochenendworkshops f\u00fcr Kinder und Erwachsene<\/li>\n<li>Klangerfahrung in Kinderg\u00e4rten<\/li>\n<li>Rhythmische Fr\u00fcherziehung<\/li>\n<li>Workshops in Schulen mit 1-2 Klassenst\u00e4rken<\/li>\n<li>Lehrerfortbildungen<\/li>\n<li>Unterricht f\u00fcr geistig sowie k\u00f6rperlich behinderte Menschen<\/li>\n<li>f\u00fcr lernbehinderte Kinder<\/li>\n<li>f\u00fcr psychisch kranke Menschen<\/li>\n<li>Klangmassagen<\/li>\n<li>Reparatur und \/ oder Veredlung von Djembe und Bass-Trommel<\/li>\n<\/ul>\n<p>Bei mir hat jeder Mensch, von jung bis alt, die M\u00f6glichkeit seinen eigenen Rhythmus zu finden und in der Improvisation seiner Kreativit\u00e4t freien Lauf zu lassen. Ob in Einzel- oder Gruppenunterricht auf der Djemb\u00e9, Kpanlogo und Bougarabou, der Basstrommel (Dundun, Sangban und<br \/>\nKenkeni), Cajon, Conga und Kleinpercussion kann man seine klanglichen Erfahrungen machen!<\/p>\n<p>Teambuilding f\u00fcr Firmen bis 100 Personen<\/p>\n<p>Im Team ist jeder wichtig. Es ist wie im Mannschaftssport, Eishockey, Handball, Volleyball, oder Fu\u00dfball. Bei diesen Sportarten ist nicht einer der wichtigste, sondern das ganze Team ist gefragt. Beim Fu\u00dfball gibt es einen Torwart, Verteidiger, Mittelfeldspieler und den St\u00fcrmer.<br \/>\nWird der St\u00fcrmer von seinen Mitspielern nicht gefordert, schie\u00dft er keine Tore.<br \/>\nIn der Musik ist es sehr \u00e4hnlich, der Trommler gibt immer den Rhythmus an.<br \/>\nRhythmus ist allgegenw\u00e4rtig und die Trommel seit Menschengedenken das Instrument unseres kreativen und kulturellen Ausdrucks.<br \/>\nAnhand der Teilnehmerzahl wird die Dauer<br \/>\nund der Inhalt des Teambuildings festgelegt.<\/p>\n<p>Geburtstagsfeiern f\u00fcr Kinder<br \/>\nDie Kinder lernen verschiedene Trommelrhythmen auf der Djembe und Basstrommel sprechen, spielen und klatschen. Unter anderem begebe ich mich mit den Kindern auf eine Art Klangreise, in dem sie s\u00e4mtliche Instrumtente in meinen R\u00e4umlichkeiten kennenlernen und ausprobieren k\u00f6nnen. Das Geburtstagskind bekommt ein kleines Pr\u00e4sent.<br \/>\nGetr\u00e4nke und eine kleine S\u00fc\u00dfigkeit sind auch dabei.<\/p>\n<p><span style=\"text-decoration: underline;\">DONGA<\/span><\/p>\n<p>Hochzeitsfeiern &#8211; Runder Geburtstag &#8211; Firmenevents &#8211; Stadtfeste &#8211; Festivals<br \/>\nWir spielen \u00fcberall wo Partys sind.<br \/>\nDie Band DONGA spielt \u00fcberwiegend Eigenkompositionen, aber auch typisch afrikanische Trommelst\u00fccke.<\/p>\n<p>Einfach melden, ich erstelle gerne ein individuelles Angebot<br \/>\nund bin f\u00fcr alle Fragen offen:<br \/>\nKontakt zu Ulf He\u00dfe&#8217;s Living Rhythm Project und DONGA<\/p>\n<p>Living Rhythm Studio<\/p>\n<p>Wolfsgasse 16<\/p>\n<p>58644 Iserlohn<\/p>\n<p>E-mail: ulf@living-rhythm.de<\/p>\n","protected":false},"excerpt":{"rendered":"<p>Herzlich Willkommen bei Living Rhythm, meinem lebendigen Trommelprojekt! Trommeln ist schon seit Hunderten von Jahren ein Weg der Kommunikation. Trommeln ist \u00dcberbringer von Nachrichten oder auch einfach nur ein Instrument der Naturv\u00f6lker um ihrer Lebensfreude einen Ausdruck zu verleihen! Seit meinem 3. Lebensjahr faszinieren mich die Trommeln. \u00dcber mein erstes Schlagzeug entwickelte ich schnell eine [&hellip;]<\/p>\n","protected":false},"author":1,"featured_media":405,"parent":0,"menu_order":0,"comment_status":"closed","ping_status":"closed","template":"","meta":[],"_links":{"self":[{"href":"http:\/\/living-rhythm.de\/index.php?rest_route=\/wp\/v2\/pages\/43"}],"collection":[{"href":"http:\/\/living-rhythm.de\/index.php?rest_route=\/wp\/v2\/pages"}],"about":[{"href":"http:\/\/living-rhythm.de\/index.php?rest_route=\/wp\/v2\/types\/page"}],"author":[{"embeddable":true,"href":"http:\/\/living-rhythm.de\/index.php?rest_route=\/wp\/v2\/users\/1"}],"replies":[{"embeddable":true,"href":"http:\/\/living-rhythm.de\/index.php?rest_route=%2Fwp%2Fv2%2Fcomments&post=43"}],"version-history":[{"count":17,"href":"http:\/\/living-rhythm.de\/index.php?rest_route=\/wp\/v2\/pages\/43\/revisions"}],"predecessor-version":[{"id":406,"href":"http:\/\/living-rhythm.de\/index.php?rest_route=\/wp\/v2\/pages\/43\/revisions\/406"}],"wp:featuredmedia":[{"embeddable":true,"href":"http:\/\/living-rhythm.de\/index.php?rest_route=\/wp\/v2\/media\/405"}],"wp:attachment":[{"href":"http:\/\/living-rhythm.de\/index.php?rest_route=%2Fwp%2Fv2%2Fmedia&parent=43"}],"curies":[{"name":"wp","href":"https:\/\/api.w.org\/{rel}","templated":true}]}}