{"id":66,"date":"2016-05-21T22:27:09","date_gmt":"2016-05-21T22:27:09","guid":{"rendered":"http:\/\/living-rhythm.de\/?page_id=66"},"modified":"2016-11-16T15:21:42","modified_gmt":"2016-11-16T15:21:42","slug":"referenzen","status":"publish","type":"page","link":"http:\/\/living-rhythm.de\/?page_id=66","title":{"rendered":"Impressum"},"content":{"rendered":"<p>Gem\u00e4\u00df \u00a7 28 BDSG widerspreche ich jeder kommerziellen Verwendung und jeder sonstigen Weitergabe und anderweitigen Ver\u00f6ffentlichung meiner Daten.<\/p>\n<p>Ulf He\u00dfe&#8217;s Rhythmusschule<br \/>\nIn der Wolfsgasse 16<br \/>\n58638 Iserlohn<\/p>\n<p>0171 8881849<br \/>\nulf@living-rhythm.de<\/p>\n<p>Gesch\u00e4ftsf\u00fchrer:<br \/>\nUlf He\u00dfe<br \/>\nWolfsgasse 16<br \/>\n58644 Iserlohn<br \/>\nFon: 0171 8881849<br \/>\nMail: ulf@living-rhythm.de<br \/>\nURL: www.living-rhythm.de<\/p>\n<p>Herausgeber: Ulf He\u00dfe<br \/>\nWebmaster: Alina He\u00dfe<br \/>\nVerantwortlich f\u00fcr Form und Inhalt: Ulf He\u00dfe<br \/>\nIllustration &amp; Gestaltung: Atelier M. Wieczorek<br \/>\nAutoren: Ulf He\u00dfe &amp; Alina He\u00dfe<\/p>\n<p>Verantwortungsbereich:<br \/>\nDas Impressum gilt nur f\u00fcr die Internetpr\u00e4senz unter der Adresse:<br \/>\nhttp:\/\/www.living-rhythm.de<br \/>\nLinken erlaubt! Wir freuen uns \u00fcber einen Link zu unserer Seite.<\/p>\n<p>Urheberrechte &amp; Verwertungsrechte:<br \/>\nDie Ver\u00f6ffentlichungen auf diesen Seiten unterliegen dem deutschen Urheberrecht. Vervielf\u00e4ltigung, Bearbeitung und jede Art der Verwertung au\u00dferhalb der Grenzen des Urheberrechtes bed\u00fcrfen der Zustimmung von Ulf He\u00dfe. Downloads und Kopien dieser Seiten sind nur f\u00fcr den privaten, nicht f\u00fcr den kommerziellen Gebrauch gestattet.<br \/>\nKennzeichenschutz: wird beansprucht f\u00fcr alle Logos dieser Seiten!<\/p>\n<p>Haftungsausschluss f\u00fcr Links:<br \/>\nLiving Rhythm verweist auf seinen Seiten mit Links zu anderen Seiten im Internet. F\u00fcr alle diese Links gilt: Ulf He\u00dfe erkl\u00e4rt ausdr\u00fccklich, dass er keinerlei Einfluss auf die Gestaltung und die Inhalte der verlinkten Seiten hat. Trotz sorgf\u00e4ltiger Pr\u00fcfung wird keine Verantwortung f\u00fcr Form und\/oder Inhalt direkt oder indirekt verlinkter Seiten \u00fcbernommen, daf\u00fcr sind ausschlie\u00dflich deren Betreiber verantwortlich. Deshalb distanziert sie sich hiermit ausdr\u00fccklich von allen Inhalten aller verlinkten Seiten Dritter auf www.living-rhythm.de und macht sich diese Inhalte nicht zu Eigen. Diese Erkl\u00e4rung gilt f\u00fcr alle angezeigten Links und f\u00fcr alle Inhalte der Seiten, zu denen Links f\u00fchren. F\u00fcr die Inhalte der Links ist allein der jeweilige Anbieter verantwortlich. Dass die Links weder gegen Sitten noch Gesetze versto\u00dfen, wurde genau gepr\u00fcft, bevor sie hier aufgenommen wurden. Bei Hinweisen auf Rechtsverletzungen werden diese Links umgehend<\/p>\n","protected":false},"excerpt":{"rendered":"<p>Gem\u00e4\u00df \u00a7 28 BDSG widerspreche ich jeder kommerziellen Verwendung und jeder sonstigen Weitergabe und anderweitigen Ver\u00f6ffentlichung meiner Daten. Ulf He\u00dfe&#8217;s Rhythmusschule In der Wolfsgasse 16 58638 Iserlohn 0171 8881849 ulf@living-rhythm.de Gesch\u00e4ftsf\u00fchrer: Ulf He\u00dfe Wolfsgasse 16 58644 Iserlohn Fon: 0171 8881849 Mail: ulf@living-rhythm.de URL: www.living-rhythm.de Herausgeber: Ulf He\u00dfe Webmaster: Alina He\u00dfe Verantwortlich f\u00fcr Form und Inhalt: [&hellip;]<\/p>\n","protected":false},"author":1,"featured_media":0,"parent":0,"menu_order":10,"comment_status":"closed","ping_status":"closed","template":"","meta":[],"_links":{"self":[{"href":"http:\/\/living-rhythm.de\/index.php?rest_route=\/wp\/v2\/pages\/66"}],"collection":[{"href":"http:\/\/living-rhythm.de\/index.php?rest_route=\/wp\/v2\/pages"}],"about":[{"href":"http:\/\/living-rhythm.de\/index.php?rest_route=\/wp\/v2\/types\/page"}],"author":[{"embeddable":true,"href":"http:\/\/living-rhythm.de\/index.php?rest_route=\/wp\/v2\/users\/1"}],"replies":[{"embeddable":true,"href":"http:\/\/living-rhythm.de\/index.php?rest_route=%2Fwp%2Fv2%2Fcomments&post=66"}],"version-history":[{"count":9,"href":"http:\/\/living-rhythm.de\/index.php?rest_route=\/wp\/v2\/pages\/66\/revisions"}],"predecessor-version":[{"id":309,"href":"http:\/\/living-rhythm.de\/index.php?rest_route=\/wp\/v2\/pages\/66\/revisions\/309"}],"wp:attachment":[{"href":"http:\/\/living-rhythm.de\/index.php?rest_route=%2Fwp%2Fv2%2Fmedia&parent=66"}],"curies":[{"name":"wp","href":"https:\/\/api.w.org\/{rel}","templated":true}]}}