{"id":81,"date":"2016-05-21T22:31:11","date_gmt":"2016-05-21T22:31:11","guid":{"rendered":"http:\/\/living-rhythm.de\/?page_id=81"},"modified":"2018-05-24T11:07:19","modified_gmt":"2018-05-24T11:07:19","slug":"links","status":"publish","type":"page","link":"http:\/\/living-rhythm.de\/?page_id=81","title":{"rendered":"Links"},"content":{"rendered":"<p>&nbsp;<\/p>\n<p>Djemb\u00e9 Art<br \/>\nPremium Fachgesch\u00e4ft f\u00fcr afrikanische Trommeln.<br \/>\nOnline &amp; Ladengesch\u00e4ft in 56294 M\u00fcnstermaifeld, Sevenich 12,<br \/>\nmit profunder Beratung und Services.<br \/>\n<a href=\"http:\/\/www.djembe-art.de\">www.djembe-art.de<\/a><br \/>\n02605 \/ 8495695<\/p>\n<p><span class=\"_5yl5\">Marion Wieczorek<\/span><\/p>\n<p><span class=\"_5yl5\">Atelier f\u00fcr Print- &amp; Web-Design, <\/span><\/p>\n<p><span class=\"_5yl5\">Logos &amp; Firmenausstattungen, <\/span><\/p>\n<p><span class=\"_5yl5\">sowie professionelle Illustration <\/span><\/p>\n<p><span class=\"_5yl5\"><a href=\"http:\/\/www.atelier-wieczorek.de\/\" target=\"_blank\" rel=\"nofollow\">www.atelier-wieczorek.de<\/a><\/span><\/p>\n<div class=\"_d97\"><\/div>\n<div class=\"_d97\"><\/div>\n<p>Web Your Image<br \/>\nDie Homepage mit Pers\u00f6nlichkeit Stil!<br \/>\nWir bringen Deine Homepage auf die B\u00fchne des Web.<br \/>\n<a href=\"http:\/\/www.web-your-image.de\">www.web-your-image.de<\/a><\/p>\n","protected":false},"excerpt":{"rendered":"<p>&nbsp; Djemb\u00e9 Art Premium Fachgesch\u00e4ft f\u00fcr afrikanische Trommeln. Online &amp; Ladengesch\u00e4ft in 56294 M\u00fcnstermaifeld, Sevenich 12, mit profunder Beratung und Services. www.djembe-art.de 02605 \/ 8495695 Marion Wieczorek Atelier f\u00fcr Print- &amp; Web-Design, Logos &amp; Firmenausstattungen, sowie professionelle Illustration www.atelier-wieczorek.de Web Your Image Die Homepage mit Pers\u00f6nlichkeit Stil! Wir bringen Deine Homepage auf die B\u00fchne des [&hellip;]<\/p>\n","protected":false},"author":1,"featured_media":0,"parent":0,"menu_order":8,"comment_status":"closed","ping_status":"closed","template":"","meta":[],"_links":{"self":[{"href":"http:\/\/living-rhythm.de\/index.php?rest_route=\/wp\/v2\/pages\/81"}],"collection":[{"href":"http:\/\/living-rhythm.de\/index.php?rest_route=\/wp\/v2\/pages"}],"about":[{"href":"http:\/\/living-rhythm.de\/index.php?rest_route=\/wp\/v2\/types\/page"}],"author":[{"embeddable":true,"href":"http:\/\/living-rhythm.de\/index.php?rest_route=\/wp\/v2\/users\/1"}],"replies":[{"embeddable":true,"href":"http:\/\/living-rhythm.de\/index.php?rest_route=%2Fwp%2Fv2%2Fcomments&post=81"}],"version-history":[{"count":8,"href":"http:\/\/living-rhythm.de\/index.php?rest_route=\/wp\/v2\/pages\/81\/revisions"}],"predecessor-version":[{"id":384,"href":"http:\/\/living-rhythm.de\/index.php?rest_route=\/wp\/v2\/pages\/81\/revisions\/384"}],"wp:attachment":[{"href":"http:\/\/living-rhythm.de\/index.php?rest_route=%2Fwp%2Fv2%2Fmedia&parent=81"}],"curies":[{"name":"wp","href":"https:\/\/api.w.org\/{rel}","templated":true}]}}